-3 - -3) + 1?
6
Calculate -5 - -8 - (4 + 2).
-3
What is the value of 2 + -10 + (-32 - -38)?
-2
What is the value of -3 + 0 - (-2 + 4)?
-5
0 + (-5 + 4 - (-2 + 1))
0
Calculate 6 + 3 + -4 - 2.
3
Evaluate (6 - (3 + 1)) + (-4 - 1).
-3
Calculate 4 + -1 + -2 + 1 + 0.
2
What is (-2 - -5) + (0 - 0)?
3
-13 - -14 - (2 + -7)
6
Evaluate (-1 + 6 - 10) + (-6 - -1).
-10
What is the value of -16 + 0 + 9 + (5 - 0)?
-2
Calculate 27 - 25 - (0 - -2).
0
What is (-9 - -6) + 3 + (0 - 1)?
-1
Evaluate 0 + 0 + 0 + -4 + 6.
2
Calculate -12 + -14 + 21 - (-2 + -3).
0
What is -1 - (-4 + 2 + 5)?
-4
What is the value of (3 + -6 - (-7 + 2)) + -1?
1
What is the value of 1 + 0 + 1 + -4 + -1?
-3
What is the value of -6 - (-3 - (4 - (7 - 4)))?
-2
Evaluate -3 + 1 + 2 + 4.
4
What is (1 - 1) + 7 + (2 - 5)?
4
Calculate -1 - (8 - (2 - -2)).
-5
What is 8 + -3 + 7 - 8?
4
Calculate 24 + -28 + 2 + 1.
-1
Evaluate -5 - (8 - (21 + -5)).
3
What is -1 + 1 + (-19 - -8) + 13?
2
-2 + -5 + 5 + -3 - -5
0
Evaluate 7 + -4 - (3 + -4).
4
Calculate -23 + 27 - (0 + -2).
6
Calculate 1 - (0 + -1 - -7).
-5
Evaluate 4 - (-5 + -3 - -5 - -12).
-5
Evaluate 1 + -5 - ((2 - 11) + 6).
-1
What is the value of 12 + -21 - (-15 - -1)?
5
Evaluate 1 + -3 - (-1 + -2) - -8.
9
What is 1 + (2 - (-4 - -6)) + 1?
2
What is (-1 - 0 - (3 - 5)) + 3?
4
Calculate 2 + -3 - (-31 + 29).
1
-13 - (-8 + (11 - 15))
-1
What is the value of -2 + -6 + 11 + -5?
-2
What is the value of -3 - -1 - (-8 + 4 + 3)?
-1
What is the value of 2 + -6 - (9 + -11) - 7?
-9
Evaluate (2 - 6) + (4 - 2).
-2
60 - 50 - (1 - -15)
-6
What is 3 - (-2 + 10) - (-1 - 1)?
-3
What is (5 - (0 - 1)) + 36 + -42?
0
-1 + -2 - (1 + (1 - 5))
0
Evaluate -4 - 0 - (0 - 3).
-1
What is the value of -6 + (-3 + 3 - (5 + -5))?
-6
Evaluate -2 + (21 - 23 - (-2 - 1)).
-1
What is the value of 3 + -5 + 12 + -9?
1
Calculate -3 - -5 - (3 + 1).
-2
What is -4 + 0 + 0 - (-8 - -3)?
1
2 - -3 - (6 + 3 - 4)
0
What is (12 + -8 - 6) + 0 + 6?
4
What is (-1 - (-4 - -3 - 0)) + -3?
-3
Calculate -2 + 6 + -2 + -4.
-2
Evaluate 8 + (-2 - (-3 + 9)).
0
Calculate -11 - ((9 - 24) + 10).
-6
Evaluate -8 + (-6 - 0) + 7 + 2.
-5
What is 12 + -9 + (2 - 3)?
2
What is the value of 2 + -3 + 5 - 7?
-3
What is 9 - 2 - (22 + -17)?
2
Calculate -17 + 5 + 8 + -5.
-9
2 + (1 - (-4 - (6 - 14)))
-1
Calculate 0 - -3 - ((16 - 5) + -6).
-2
Calculate 0 + (-2 - (4 - -4 - 5)).
-5
(-3 - (-4 - -4)) + 8
5
What is 1 - 1 - (2 + 1 + 1)?
-4
Evaluate -12 + (-10 - 0) + 21.
-1
3 + (-1 + -3 - (-9 + 12))
-4
2 + (3 - (-3 + 3)) + -6
-1
(0 - -3) + -1 + -5 + 4
1
Calculate 2 + 4 + (-3 - 3) + 2.
2
What is the value of 7 + -6 - (-1 + 0)?
2
Calculate 0 - (3 + 3 + -1 + -1).
-4
What is the value of -5 + (-6 - -10 - 6)?
-7
What is the value of 0 + (1 - -4) + -5?
0
-1 - (2 + 10 + -5 + -9)
1
Calculate 7 + -1 + (-24 + 4 - -12).
-2
Evaluate 2 - 0 - (36 + -40).
6
What is -11 + 1 + (-4 - -7) + 2?
-5
Calculate 5 + -7 - 0 - 0.
-2
15 + -4 + (-2 - 3)
6
(1 - 2) + (36 - 35)
0
Calculate (2 - ((-3 - -1) + 3)) + 2.
3
1 + -4 + (0 - -1)
-2
Evaluate 3 - (3 + -8 + 2 + 4).
2
(1 + (-11 - 0) - -4) + 2
-4
What is the value of -3 + (3 + 6 - 1) - 3?
2
What is the value of -12 + (14 - -1) - 2?
1
1 + -1 + -6 + 9 - 7
-4
What is -1 + 1 + 0 + (4 - 7)?
-3
What is the value of (2 - 3) + -1 - (19 + -19)?
-2
(-11 - -10) + (-3 - -1 - 1)
-4
What is 4 + (3 - 2) + (-3 - -2)?
4
(-5 - -18) + -4 + -4
5
What is the value of 6 + -13 + 1 - -2?
-4
Calculate 4 + -6 + -5 - -2.
-5
Calculate 3 + (-1 - 0 - 4).
-2
1 - 9 - 0 - -8
0
Calculate (3 + 2 - -1) + (0 - 4).
2
What is -3 + 1 + 1 + 4?
3
What is (23 - 8) + -12 - 0?
3
What is -3 + (0 - 0) + 237 + -238?
-4
What is the value of -4 + 10 + -9 + -2 + 3?
-2
Evaluate 1 + -5 - ((3 - -2) + -9).
0
Calculate -7 - -13 - (0 - -9).
-3
Calculate 2 + -4 + 1 - (-5 + 1).
3
What is 9 - 6 - (1 - 2)?
4
Calculate 9 + -9 + (-2 - -3).
1
What is the value of -1 + 11 + -26 + 12?
-4
Calculate 6 + (-3 - 5) - 4.
-6
Calculate 7 + 0 + (64 - 71).
0
Calculate 9 + -2 - (19 - 8).
-4
Evaluate 1 + (-4 - -1) + (1 - -1).
0
What is the value of (-2 - -1) + (-16 - -20)?
3
Evaluate -3 + 6 - (0 + -1).
4
What is the value of 3 + (-5 - -1) + 9 + -5?
3
What is the value of 4 + 2 + -4 + (-5 - -3)?
0
-10 + 2 + -14 + 9 - -4
-9
1 - 0 - (9 - (-1 - -4))
-5
What is the value of 4 + (7 - 3) + -9?
-1
-3 + 10 - (3 - 6 - -7)
3
8 + 1 + (66 - 79)
-4
What is -3 - ((-1 - -5) + -1)?
-6
What is (-13 - 11) + 12 - -18?
6
Evaluate -5 + (-13 - (-11 - 0)).
-7
Evaluate 2 + -4 + 6 + -4.
0
(4 - (-3 - -1)) + -2 + 0
4
What is the value of (8 - 2) + -2 + -9?
-5
What is 1 + -8 + 13 - (-1 - -3)?
4
Calculate 3 + -6 + 2 + -1 + -3.
-5
(3 + 1 - 2) + -132 + 135
5
What is the value of -8 - -4 - (4 + -6) - 0?
-2
Evaluate (-6 - -4) + -3 - 1.
-6
Calculate (-1 - 1) + 3 + (-52 - -46).
-5
Evaluate (0 - (-6 + 9)) + -3.
-6
(12 - 16) + (8 - 1) + -11
-8
What is 2 - 4 - (0 + 2)?
-4
What is 8 + 10 + -1 - 7?
10
What is the value of 35 + -38 - (1 + -6)?
2
Evaluate 4 - 0 - (2 - (-1 + 4)).
5
Evaluate 1 + (6 - 2 - (-17 - -22)).
0
What is 0 + -2 + (5 - 5) + -1?
-3
What is 1 + (-1 + 5 - 6) - 6?
-7
Evaluate (-3 - 1 - 1) + 4.
-1
Evaluate -11 - -10 - (6 - 4).
-3
What is 6 - (-1 - 2) - 4 - 3?
2
What is the value of -4 - (6 + (2 - -3 - 13))?
-2
Calculate -5 + (-24 - -15 - (-8 + 2)).
-8
What is (7 - (10 - 4)) + -4 + 2?
-1
Calculate 14 + -13 - (0 + 6).
-5
What is the value of (2 + 3 - (-10 + 10)) + 0?
5
Evaluate 3 - -5 - (-4 + 4 + 3).
5
Calculate -2 - -8 - (5 - -2).
-1
Calculate -3 + 2 + -5 + 3.
-3
3 - ((-1 - -1) + -3 + 8)
-2
What is (30 - 27) + 1 + -1 + 0?
3
9 - 10 - ((1 - -3) + -1)
-4
7 + (3 - 5 - -3 - 5)
3
What is -6 + (-4 - (-2 + -5))?
-3
8 + (-13 - -5) + 0
0
What is the value of 1 - (-1 - (-10 + -2 + 6))?
-4
(-5 - (7 + -13)) + -6
-5
What is (8 - 10) + 7 + 0?
5
Calculate (1 - ((-3 - 0) + 5)) + -3.
-4
Evaluate 6 + (-17 - -8) + -4.
-7
Calculate (1 - (-1 + -5 + 1)) + -1.
5
What is -6 + 2 - (-15 + 9)?
2
What is the value of -4 + -1 + 0 - (3 - 6)?
-2
(8 - 12 - -10) + (-4 - 1)
1
-5 + -3 - (9 - 20)
3
What is 4 - (6 + 3 + -6)?
1
-8 - (-5 + -7) - (3 + 5)
-4
What is the value of 0 - (3 + -5 + (12 - 5))?
-5
What is -11 + (-8 - 3 - -25)?
3
Calculate -1 + 9 + (-211 - -212).
9
Evaluate 4 + (-5 + 8 - 5).
2
Evaluate 5 - 7 - -11 - 7.
2
Calculate -4 + (0 - 2) + 13.
7
Evaluate -2 + 3 + -3 - (-1 - 2).
1
What is the value of -5 + (-7 + -1 - -19)?
6
Evaluate (-12 - -23) + -15 + 5 + 0.
1
Evaluate -5 + 11 + (2 - 0) + -3.
5
What is the value of -6 + (5 - -2 - -2)?
3
(4 - (-4 + 5)) + 4 + -5
2
What is the value of (1 + -2 - 0) + (3 - -3)?
5
Evaluate 2 + (-2 - 0) + 0.
0
10 + (-10 - 3) + 4
1
What is the value of -4 + 13 + -8 + -3?
-2
8 + -2 + -4 + 0 + 1
3
Evaluate 0 + -1 - (-20 - -17) - 4.
-2
What is 3 + -2 + 3 + -1?
3
What is the value of -5 - (10 + -5 - 7)?
-3
What is the value of 1 + -2 + (19 - 20) - 6?
-8
What is (9 - 1) + (2 + -3 - 2)?
5
What is the value of 8 + -4 - 1 - 6 - -10?
7
What is (-16 - -15 - -2) + (0 - 5)?
-4
What is the value of 3 - ((-11 - -10) + 3 + 0)?
1
50 + -43 - (1 + 0 + 8)
-2
Calculate (1 - 5 - -4) + 4.
4
What is -11 + (3 - (-5 - -4))?
-7
Evaluate 6 - 0 - (-24 - -4 - -25).
1
Evaluate 9 + -5 + -3 + -3 + 4.
2
What is (-7 - -4 - -2 - 0) + 4?
3
Calculate (5 + -10 - -3) + (-5 - -1).
-6
Evaluate -4 + (-4 - -4) + 5 + -5.
-4
7 - (-5 - -12 - 5 - -1)
4
What is the value of 0 + -3 + 7 + -2 - -2?
4
8 + 5 + -8 - (-5 + 8)
2
-3 - 0 - (2 - 0 - 10)
5
(-5 - -2) + (3 - -1)
1
What is the value of (-3 - 5) + 9 + 6?
7
8 + (-4 + -2 - 0)
2
What is the value of (-1 - (-2 + -3)) + 5 + -3?
6
Evaluate (16 - 10) + -4 - (-2 - -8).
-4
What is the value of -7 - (-7 + -1 - -10)?
-9
(-3 - -6 - 5) + (-20 - -18)
-4
What is (132 - 127) + 0 + -1 + 1?
5
-9 - (-4 - 0 - (0 - -1))
-4
Calculate -4 - 3 - (-22 - -13).
2
Calculate 0 + 2 + (1 + 5 - 5).
3
11 + -5 + (-8 - -2)
0
0 + 0 + 7 + -4 + 3
6
What is the value of -4 - (1 - 6) - 0?
1
-6 + 2 - -1 - (-70 - -61)
6
What is the value of -3 + (-4 - -5 - 4) + 5?
-1
6 - 1 - (0 + 4)
1
What is -2 + (-6 - -3) - (-2 - 0)?
-3
What is the value of -6 + 9 + -2 + 0 + 4?
5
0 + 0 + 0 + -2 + 7
5
(-4 - -2 - -5) + (1 - 4)
0
Evaluate 6 + 0 - (7 + 2 - 6).
3
What is the value of 3 + (8 - 8) + -1 + 0?
2
What is 6 + 3 + 1 + 30 + -31?
9
What is the value of -4 + 4 + -5 + 2?
-3
What is 30 - (21 - -17) - (-1 - 5)?
-2
Evaluate (2 + 3 - 10) + 7.
2
Calculate -10 + 16 - (0 + (4 - -1)).
1